= -b - 6. Let d be b/((-12)/44)*-20. Calculate the greatest common divisor of 20 and d.
20
Let v(m) = m + 5. Let n be v(6). Calculate the greatest common divisor of 77 and n.
11
Let v(w) = w**2 + 3*w + 10. Let j be v(-5). What is the greatest common factor of j and 120?
20
Suppose 1 = 2*j - 7. Let p = 11 - j. Suppose -3*d + 35 = -2*d. What is the greatest common factor of p and d?
7
Let j = -4 + 14. Calculate the greatest common factor of 90 and j.
10
Let q be 45/36 + 2/(-8). Let w(u) = 2*u**2 - 2*u + q + 1 + 13*u - 1. Let d be w(-9). What is the highest common divisor of d and 16?
16
Let n = 16 - 13. Calculate the greatest common divisor of 3 and n.
3
Suppose 23*v - 850 = -68. Let i(a) = -10*a - 9. Let p be i(-6). Calculate the highest common divisor of v and p.
17
Let r be 30/75*(0 + 10). What is the greatest common divisor of r and 6?
2
Let m(j) = -j**3 - 2*j**2 - 8*j - 11. Let v(b) = b**2 - b - 1. Let k(i) = -m(i) + 5*v(i). Let x be k(-6). What is the greatest common divisor of 8 and x?
8
Suppose 64 = k + 3*k. Suppose -2*o = -2*t + 312, -t - o - 2*o + 148 = 0. Let j = t - 42. Calculate the highest common factor of j and k.
16
Suppose 0 = 7*a - 9*a + 24. What is the highest common factor of 48 and a?
12
Let l(x) = -25*x - 8. Let t be l(-5). Calculate the greatest common factor of 9 and t.
9
Let l(r) = -11*r - 40. Let y be l(-5). Calculate the greatest common factor of 60 and y.
15
Suppose -2*r - 3*r + 60 = 0. Let l be (50/40)/(1/r). Let b be (-1 - 0/(-1)) + 136. What is the highest common divisor of b and l?
15
Suppose 0 = t + 4*y - 28, 0*y = -5*t + 2*y + 74. Let f be 45/(-6)*(-64)/20. Calculate the highest common factor of f and t.
8
Let m(y) be the second derivative of 3*y**3 - 4*y. Let q be m(1). What is the greatest common divisor of 45 and q?
9
Let r = 184 + -72. Calculate the highest common factor of 14 and r.
14
Let s(r) = -r**2 + 13*r - 1. Let z be s(10). What is the greatest common factor of 29 and z?
29
Let m(o) = o**3 - 5*o**2 - 14*o + 8. Let c be m(7). What is the greatest common factor of c and 8?
8
Let l(m) = m**2 - m + 4. Let y be l(-4). Suppose 89 + 16 = 5*z. Suppose -4*j + a - 4 + z = 0, j + 12 = -3*a. Calculate the greatest common factor of y and j.
3
Suppose -r + 4*r = -3. Let s be r/(3/(-30)*2). What is the highest common factor of s and 35?
5
Let i be (6/(-9))/(2/(-108)). Calculate the greatest common divisor of i and 72.
36
Suppose 0 = -0*d + 2*d + 6. Let y = d - -18. What is the greatest common divisor of 5 and y?
5
Suppose 11*m = 4*m + 476. What is the highest common factor of m and 17?
17
Suppose -i = 3*b - 1, -2*i + 2*b = 2*i - 18. What is the greatest common factor of i and 2?
2
Suppose -g - 4290 = -11*g. Calculate the greatest common divisor of g and 39.
39
Let l(k) = k**3 - 6*k**2 + 4*k - 2. Let b be l(6). Let i(a) = a**2 - 3*a + 5. Let m be i(7). Calculate the greatest common divisor of b and m.
11
Let s(m) = -9*m - 1. Let u be 4/((2/3)/1). Suppose -3*a - u + 3 = 0. Let k be s(a). Calculate the highest common factor of 24 and k.
8
Let x(m) = -m + 18. Let g be x(-9). Calculate the greatest common divisor of g and 9.
9
Let r(f) = -52*f**2 + 53*f**2 + f + 29 - 2*f. Let d be r(0). Calculate the greatest common factor of 58 and d.
29
Let i(d) = -d - 11. Let b be i(-9). Let q = 4 + b. Suppose -q*r = -r + 3*w - 32, 0 = 5*r - 2*w - 177. Calculate the greatest common factor of r and 5.
5
Let d be (-3 - 1) + 38 - -2*2. Calculate the greatest common divisor of d and 266.
38
Suppose 20 = 2*n + 4*d, -n = -6*n - 5*d + 55. Calculate the greatest common divisor of n and 30.
6
Suppose g - 2*n - 25 = -5*n, 4*g = -n + 67. What is the highest common divisor of 128 and g?
16
Suppose 669 = 5*h - i, -48 = -3*h + 5*i + 371. Suppose h = 3*c - n, 41 = c + n + 2*n. Let t = 21 + -17. What is the greatest common factor of c and t?
4
Let g = 5 + -3. Suppose -b = p - 3, -1 = -g*b + 2*p - 5*p. Calculate the highest common factor of 56 and b.
8
Let s = -2 + 4. Let x be 2/s*(-2 + 3). What is the highest common factor of x and 9?
1
Suppose -2*m + 2*i = -4, m - i - 8 = -2*i. Calculate the highest common factor of 55 and m.
5
Let x = 89 - 47. Calculate the greatest common divisor of x and 6.
6
Suppose 0 = -2*k + 4*u + 58, k + 0*k - u - 33 = 0. Suppose -4*x + 0*c = 3*c - 59, 5*c = 3*x - k. Calculate the highest common divisor of x and 112.
14
Suppose -z + 14 = -q, -3*z + 5*q + 29 = -9. Let m = -80 + 88. Calculate the greatest common divisor of m and z.
8
Let x be 6/2 - -3*35. Calculate the highest common factor of x and 12.
12
Let g(z) be the third derivative of 3*z**5/20 + z**4/12 + z**3/6 + 4*z**2. Let w be g(3). Calculate the highest common factor of 8 and w.
8
Let p(t) = 4*t**2 - 4*t - 2. Let r be p(-5). Suppose 3*v - r = 2. Calculate the greatest common factor of 10 and v.
10
Let p be (-44)/(-6) + (-2)/(-3). Suppose 5*d - 2*z = 3 + 13, -2*z + 16 = 3*d. Calculate the greatest common factor of p and d.
4
Let u be (((-3)/(-2))/(-3))/((-1)/28). What is the highest common factor of u and 56?
14
Let x = 67 - 31. Calculate the highest common factor of x and 54.
18
Let q = 3 - -4. Suppose 5*t - t = 4*m - 64, m - 3*t - 8 = 0. Let i be (-494)/(-10) + (-8)/m. What is the greatest common divisor of i and q?
7
Let h(a) = 11*a**2. Let c be h(-1). Let n = -28 + 11. Let l = n - -50. Calculate the greatest common factor of l and c.
11
Let g = 3 + 0. Suppose -9 = x - g. Let k be 27/x*-6 - -3. Calculate the greatest common divisor of k and 10.
10
Let f be (-8 - (-4 + 8)) + 4. Let b(w) = -w**3 - 8*w**2 - 6*w - 9. Let v be b(f). What is the greatest common factor of 13 and v?
13
Suppose 24 = -8*n + 16*n. Let q = 27 - 18. Calculate the greatest common divisor of q and n.
3
Suppose -t - 1 + 6 = 0. Calculate the greatest common factor of 20 and t.
5
Let u be 16*-2*(-15)/20. What is the greatest common divisor of u and 168?
24
Suppose 10*x - 336 = 7*x. Calculate the highest common divisor of x and 14.
14
Suppose 0 = -3*n + 4*q - q + 192, 0 = 4*n + 3*q - 242. What is the highest common divisor of n and 93?
31
Suppose 4*z - 4*y - 396 = 0, -5*z + 0*y + y + 495 = 0. Calculate the greatest common factor of z and 22.
11
Suppose 0 = a - 45 - 25. Let o be (0 + a/6)*3. Suppose 0 = -4*s + 3*s + 14. What is the highest common factor of s and o?
7
Let i(b) = -b**2 - 12*b. Let u be i(-11). Let y = -2 + u. Let c(v) = 2*v**2 - v + 3. Let p be c(3). Calculate the greatest common factor of p and y.
9
Suppose 5*x = -2*f, -3*x - 10 = -3*f + 11. Let j be (6/f)/((-2)/(-45)). Calculate the greatest common factor of 9 and j.
9
Let c(w) = w**3 - 8*w**2 - w + 7. Let u be c(8). Let n be (19 - u) + (-4 - -2). What is the highest common factor of n and 18?
18
Let b be 1 + (-3 - -2 - 3). Let s be 34 + (-2)/3*b. What is the greatest common divisor of 54 and s?
18
Suppose -2*c + 3*v + 7 = 0, 0 = 3*c - 3*v + 8*v + 18. Let k = 11 - c. Calculate the highest common divisor of k and 3.
3
Suppose -11*o = -7*o - 20. Suppose 0 = a - 6*a + 825. Suppose -q + a = 2*q. Calculate the highest common factor of q and o.
5
Suppose 2*x = -2*u - x + 60, u - 23 = 2*x. What is the greatest common factor of 9 and u?
9
Suppose 2*r - 9 = 9. Let g(q) = 23*q + 279. Let a be g(-12). Calculate the highest common divisor of r and a.
3
Suppose -4*x + 20 = -6*a + 4*a, 0 = 3*x + 4*a - 4. Suppose 4*n = 5*h + 7*n - 121, -x*h - 2*n + 98 = 0. Calculate the greatest common divisor of h and 39.
13
Let a(c) = -c + 12. Let x be a(5). Let j = x + -4. Suppose -6 - 33 = -j*l. Calculate the highest common factor of l and 104.
13
Suppose 428 = 6*g - 2*g. Suppose 0 = -y + p + 31 + 6, -3*y + g = -p. Calculate the greatest common divisor of y and 5.
5
Suppose -8*t = -2*t - 126. Let d = t - 11. Calculate the greatest common factor of d and 30.
10
Let x be (-34 + -2)*1/((-2)/3). Calculate the highest common divisor of x and 6.
6
Suppose -5*j = -684 - 86. Calculate the greatest common divisor of j and 14.
14
Let k = -27 + 84. Suppose 3*r - 362 + 134 = -3*y, -3*r - 9 = 0. Suppose y = 2*j + 4*i + 15, j - 3*i - 47 = 0. What is the highest common divisor of k and j?
19
Let j = 562 - 199. What is the greatest common divisor of j and 33?
33
Let f = -38 + 48. Let c(v) = -5*v**3 - v**2 + 1. Let m be c(-1). What is the highest common factor of f and m?